{"id":1706,"date":"2019-06-25T11:38:34","date_gmt":"2019-06-25T10:38:34","guid":{"rendered":"http:\/\/www.jmontblanc.fr\/?page_id=1706"},"modified":"2026-01-06T12:09:26","modified_gmt":"2026-01-06T11:09:26","slug":"nos-actualites","status":"publish","type":"page","link":"https:\/\/www.jmontblanc.fr\/index.php\/nos-actualites\/","title":{"rendered":"Nos actualit\u00e9s"},"content":{"rendered":"<div class=\"wpb-content-wrapper\">[vc_row][vc_column][vc_tta_accordion style=\u00a0\u00bbflat\u00a0\u00bb color=\u00a0\u00bbgreen\u00a0\u00bb active_section=\u00a0\u00bb1&Prime;][vc_tta_section title=\u00a0\u00bbCatalogue hygi\u00e8ne nutritionnels 2024 \u2013 2025&Prime; tab_id=\u00a0\u00bb1767697477886-50b526fd-05b5&Prime;][vc_column_text css=\u00a0\u00bb\u00a0\u00bb]D\u00e9couvre notre <strong data-start=\"15\" data-end=\"62\">Catalogue hygi\u00e8ne &amp; nutritionnels 2024\u20132025<\/strong> : rep\u00e8res techniques, solutions terrain et bonnes pratiques pour accompagner les \u00e9levages au quotidien.<br data-start=\"166\" data-end=\"169\" \/>Consulte l\u2019article pour en savoir plus, puis t\u00e9l\u00e9charge le PDF complet.<\/p>\n<p><a href=\"https:\/\/www.jmontblanc.fr\/index.php\/2026\/01\/06\/catalogue-hygiene-nutritionnels-2024-2025\/\"><strong data-start=\"15\" data-end=\"62\">Catalogue hygi\u00e8ne &amp; nutritionnels 2024\u20132025<\/strong><\/a>[\/vc_column_text][\/vc_tta_section][vc_tta_section title=\u00a0\u00bbJMB &#8211; Visite des essais de la coop\u00e9rative\u00a0\u00bb tab_id=\u00a0\u00bb1629362057244-bb457db3-ae07&Prime;][vc_single_image image=\u00a0\u00bb2435&Prime; img_size=\u00a0\u00bblarge\u00a0\u00bb onclick=\u00a0\u00bbimg_link_large\u00a0\u00bb][vc_column_text]<a href=\"https:\/\/www.jmontblanc.fr\/jmb_wp\/wp-content\/uploads\/2024\/06\/2024.06.11-Invitation-Essais-JMB.pdf\">Invitation : Visite d&rsquo;essais JURA MONT BLANC<\/a>[\/vc_column_text][\/vc_tta_section][vc_tta_section title=\u00a0\u00bbGuide Pratique de la s\u00e9curit\u00e9 des livraisons en \u00e9levage\u00a0\u00bb tab_id=\u00a0\u00bb1676389447132-31d97e0b-7773&Prime;][vc_column_text]<a href=\"https:\/\/www.jmontblanc.fr\/jmb_wp\/wp-content\/uploads\/2023\/11\/Plaquette-Securite-Livraisons-Aliments-Elevage.pdf\">Guide pratique de la s\u00e9curit\u00e9 des livraisons d&rsquo;aliments en \u00e9levage<\/a><\/p>\n<p>Afin de garantir la s\u00e9curit\u00e9 sur les exploitations lors des livraisons d&rsquo;aliments en \u00e9levage, le guide pratique de la coop\u00e9ration agricole recense les risques rencontr\u00e9s et les mesures \u00e0 mettre en \u0153uvre pour garantir la s\u00e9curit\u00e9 des diff\u00e9rents intervenants.<\/p>\n<p>Bonne lecture[\/vc_column_text][\/vc_tta_section][vc_tta_section title=\u00a0\u00bbNote globale de l\u2019Index de l\u2019\u00e9galit\u00e9 femmes-hommes\u00a0\u00bb tab_id=\u00a0\u00bb1700553014428-a7c1827d-2cfd\u00a0\u00bb][vc_column_text]<a href=\"https:\/\/www.jmontblanc.fr\/index.php\/2024\/03\/05\/lindex-de-legalite-femmes-hommes-2023-chez-jura-mont-blanc\/\">Note globale de l\u2019Index de l\u2019\u00e9galit\u00e9 femmes-hommes obtenue par le groupe Jura Mont-Blanc 2023<\/a><\/p>\n<p><a href=\"https:\/\/www.jmontblanc.fr\/index.php\/2023\/02\/14\/note-globale-de-lindex-de-legalite-femmes-hommes-obtenue-par-le-groupe-jura-mont-blanc-2022\/\">Note globale de l\u2019Index de l\u2019\u00e9galit\u00e9 femmes-hommes obtenue par le groupe Jura Mont-Blanc 2022<\/a><\/p>\n<p><a href=\"https:\/\/www.jmontblanc.fr\/index.php\/2023\/02\/14\/note-globale-de-lindex-de-legalite-femmes-hommes-obtenue-par-le-groupe-jura-mont-blanc-2021\/\">Note globale de l\u2019Index de l\u2019\u00e9galit\u00e9 femmes-hommes obtenue par le groupe Jura Mont-Blanc 2021<\/a>[\/vc_column_text][\/vc_tta_section][vc_tta_section title=\u00a0\u00bbNos assembl\u00e9es de sections 2021&Prime; tab_id=\u00a0\u00bb1634649191103-0e2830ae-9303&Prime;][vc_single_image image=\u00a0\u00bb2149&Prime; img_size=\u00a0\u00bbmedium\u00a0\u00bb onclick=\u00a0\u00bbimg_link_large\u00a0\u00bb][\/vc_tta_section][vc_tta_section title=\u00a0\u00bbJura Mon-Blanc augmente sa surface de stockage !\u00a0\u00bb tab_id=\u00a0\u00bb1709826180321-e4c931ff-71f3&Prime;][vc_column_text]900m\u00b2 de surface de stockage couverte suppl\u00e9mentaire sont sortis de terre ! &#x1f6a7; Une extension d\u00e9di\u00e9e \u00e0 l&rsquo;entreposage de nos engrais.<br \/>\n&#x1f449; Afin de produire notre \u00e9nergie tout en contribuant \u00e0 pr\u00e9server les ressources naturelles, la moiti\u00e9 de la toiture sera couverte de panneaux photovolta\u00efques ![\/vc_column_text][vc_empty_space][vc_single_image image=\u00a0\u00bb2135&Prime;][\/vc_tta_section][vc_tta_section title=\u00a0\u00bbFlash adh\u00e9rents mai 2021&Prime; tab_id=\u00a0\u00bb1718006020311-41c431b5-4f5b\u00a0\u00bb]<a class=\"vcex-module vcex-image-banner vcex-image-banner-has-link wpex-no-underline wpex-flex wpex-flex-col wpex-w-100 wpex-justify-center wpex-relative wpex-overflow-hidden wpex-bg-gray-900 wpex-text-white wpex-hover-text-white wpex-text-center\" href=\"https:\/\/www.send-up.net\/webversion\/a2u2xf_0Rdw7-GqOVscfUQg\" target=\"_blank\" rel=\"noopener noreferrer\"><span class=\"vcex-ib-img wpex-block wpex-transition-all wpex-duration-500 wpex-bg-cover wpex-absolute wpex-inset-0\" style=\"background-image:url(https:\/\/i0.wp.com\/www.jmontblanc.fr\/jmb_wp\/wp-content\/uploads\/2020\/03\/Green-and-Cream-Brushstroke-Assistant-Professor-LinkedIn-Banner.jpg?fit=1400%2C425&#038;ssl=1);\"><\/span><div class=\"vcex-ib-content-wrap wpex-w-100 wpex-transition-all wpex-duration-500 wpex-py-100 wpex-px-40 wpex-relative\"><div class=\"vcex-ib-content wpex-mx-auto\"><\/div><\/div><\/a>[\/vc_tta_section][vc_tta_section title=\u00a0\u00bbFlash EVALP mai 2020&Prime; tab_id=\u00a0\u00bb1588856637735-c932d030-2f0b\u00a0\u00bb]<style>.vcex-image-banner.vcex_69f3efdd319e1 .vcex-ib-title{color:#ffffff;}.vcex-image-banner.vcex_69f3efdd319e1 .vcex-ib-caption{color:#ffffff;}<\/style><a class=\"vcex-module vcex-image-banner vcex-image-banner-has-link wpex-no-underline wpex-flex wpex-flex-col wpex-w-100 wpex-justify-center wpex-relative wpex-overflow-hidden wpex-bg-gray-900 wpex-text-white wpex-hover-text-white wpex-text-center vcex_69f3efdd319e1\" href=\"https:\/\/www.send-up.net\/webversion\/ahqA0a8mnXdtz2Nix5JOaZA\" target=\"_blank\" rel=\"noopener noreferrer\"><span class=\"vcex-ib-img wpex-block wpex-transition-all wpex-duration-500 wpex-bg-cover wpex-absolute wpex-inset-0\" style=\"background-image:url(https:\/\/i0.wp.com\/www.jmontblanc.fr\/jmb_wp\/wp-content\/uploads\/2020\/03\/bandeau-site-web-1.png?fit=1400%2C425&#038;ssl=1);\"><\/span><div class=\"vcex-ib-content-wrap wpex-w-100 wpex-transition-all wpex-duration-500 wpex-py-100 wpex-px-40 wpex-relative\"><div class=\"vcex-ib-content wpex-mx-auto\"><\/div><\/div><\/a>[\/vc_tta_section][vc_tta_section title=\u00a0\u00bbFlash Adh\u00e9rents Avril 2020&Prime; tab_id=\u00a0\u00bb1586166546927-f3830570-e4da\u00a0\u00bb]<style>.vcex-image-banner.vcex_69f3efdd32225 .vcex-ib-title{color:#ffffff;}.vcex-image-banner.vcex_69f3efdd32225 .vcex-ib-caption{color:#ffffff;}<\/style><a class=\"vcex-module vcex-image-banner vcex-image-banner-has-link wpex-no-underline wpex-flex wpex-flex-col wpex-w-100 wpex-justify-center wpex-relative wpex-overflow-hidden wpex-bg-gray-900 wpex-text-white wpex-hover-text-white wpex-text-center vcex_69f3efdd32225\" href=\"https:\/\/www.send-up.net\/webversion\/a58wN0yAcGp2vNI4G0JxX2A\"><span class=\"vcex-ib-img wpex-block wpex-transition-all wpex-duration-500 wpex-bg-cover wpex-absolute wpex-inset-0\" style=\"background-image:url(https:\/\/i0.wp.com\/www.jmontblanc.fr\/jmb_wp\/wp-content\/uploads\/2020\/03\/Green-and-Cream-Brushstroke-Assistant-Professor-LinkedIn-Banner.jpg?fit=1400%2C425&#038;ssl=1);\"><\/span><div class=\"vcex-ib-content-wrap wpex-w-100 wpex-transition-all wpex-duration-500 wpex-py-100 wpex-px-40 wpex-relative\"><div class=\"vcex-ib-content wpex-mx-auto\"><\/div><\/div><\/a>[\/vc_tta_section][vc_tta_section title=\u00a0\u00bbFlash EVALP Avril 2020&Prime; tab_id=\u00a0\u00bb1586159084517-83924b28-bd22&Prime;]<style>.vcex-image-banner.vcex_69f3efdd326a0 .vcex-ib-title{color:#ffffff;}.vcex-image-banner.vcex_69f3efdd326a0 .vcex-ib-caption{color:#ffffff;}<\/style><a class=\"vcex-module vcex-image-banner vcex-image-banner-has-link wpex-no-underline wpex-flex wpex-flex-col wpex-w-100 wpex-justify-center wpex-relative wpex-overflow-hidden wpex-bg-gray-900 wpex-text-white wpex-hover-text-white wpex-text-center vcex_69f3efdd326a0\" href=\"https:\/\/www.send-up.net\/webversion\/aj2IOc8xFaJemp51C8SQLKA\"><span class=\"vcex-ib-img wpex-block wpex-transition-all wpex-duration-500 wpex-bg-cover wpex-absolute wpex-inset-0\" style=\"background-image:url(https:\/\/i0.wp.com\/www.jmontblanc.fr\/jmb_wp\/wp-content\/uploads\/2020\/03\/bandeau-site-web-1.png?fit=1400%2C425&#038;ssl=1);\"><\/span><div class=\"vcex-ib-content-wrap wpex-w-100 wpex-transition-all wpex-duration-500 wpex-py-100 wpex-px-40 wpex-relative\"><div class=\"vcex-ib-content wpex-mx-auto\"><\/div><\/div><\/a>[\/vc_tta_section][vc_tta_section title=\u00a0\u00bbFlash ADHERENTS mars 2020&Prime; tab_id=\u00a0\u00bb1585585061705-395a142f-eb45&Prime;]<style>.vcex-image-banner.vcex_69f3efdd32b18 .vcex-ib-overlay-bg{background-color:#ffffff;}.vcex-image-banner.vcex_69f3efdd32b18 .vcex-ib-title{color:#ffffff;}.vcex-image-banner.vcex_69f3efdd32b18 .vcex-ib-caption{color:#ffffff;}<\/style><a class=\"vcex-module vcex-image-banner vcex-image-banner-has-link wpex-no-underline wpex-flex wpex-flex-col wpex-w-100 wpex-justify-center wpex-relative wpex-overflow-hidden wpex-bg-gray-900 wpex-text-white wpex-hover-text-white wpex-text-center vcex_69f3efdd32b18\" href=\"https:\/\/www.send-up.net\/webversion\/alfoAV7pKRqHY-JK8Gy4Yyg\"><span class=\"vcex-ib-img wpex-block wpex-transition-all wpex-duration-500 wpex-bg-cover wpex-absolute wpex-inset-0\" style=\"background-image:url(https:\/\/i0.wp.com\/www.jmontblanc.fr\/jmb_wp\/wp-content\/uploads\/2020\/03\/Green-and-Cream-Brushstroke-Assistant-Professor-LinkedIn-Banner.jpg?fit=1400%2C425&#038;ssl=1);\"><\/span><div class=\"vcex-ib-content-wrap wpex-w-100 wpex-transition-all wpex-duration-500 wpex-py-100 wpex-px-40 wpex-relative\"><div class=\"vcex-ib-content wpex-mx-auto\"><\/div><\/div><\/a>[\/vc_tta_section][vc_tta_section title=\u00a0\u00bbFlash EVALP mars 2020&Prime; tab_id=\u00a0\u00bb1585561448088-a9898770-a112&Prime;]<style>.vcex-image-banner.vcex_69f3efdd32f90 .vcex-ib-title{color:#ffffff;}<\/style><a class=\"vcex-module vcex-image-banner vcex-image-banner-has-link wpex-no-underline wpex-flex wpex-flex-col wpex-w-100 wpex-justify-center wpex-relative wpex-overflow-hidden wpex-bg-gray-900 wpex-text-white wpex-hover-text-white wpex-text-center vcex-has-img-tag vcex_69f3efdd32f90\" href=\"https:\/\/www.send-up.net\/webversion\/aKeRhJze_F1nYC_6J2KLlXw\"><img  src=\"https:\/\/i0.wp.com\/www.jmontblanc.fr\/jmb_wp\/wp-content\/uploads\/2020\/03\/bandeau-site-web-1.png?fit=1400%2C425&#038;ssl=1\" class=\"vcex-ib-img wpex-block wpex-transition-all wpex-duration-500\" alt=\"\"><div class=\"vcex-ib-content-wrap wpex-w-100 wpex-transition-all wpex-duration-500 wpex-absolute wpex-inset-0 wpex-flex wpex-items-center wpex-p-30\"><div class=\"vcex-ib-content wpex-flex-grow wpex-mx-auto\"><\/div><\/div><\/a>[\/vc_tta_section][vc_tta_section title=\u00a0\u00bbLettre aux adh\u00e9rents Janvier 2020&Prime; tab_id=\u00a0\u00bb1578931842758-390650ae-b9e9&Prime;]<a class=\"vcex-module vcex-image-banner vcex-image-banner-has-link wpex-no-underline wpex-flex wpex-flex-col wpex-w-100 wpex-justify-center wpex-relative wpex-overflow-hidden wpex-bg-gray-900 wpex-text-white wpex-hover-text-white wpex-text-center\" href=\"http:\/\/www.jmontblanc.fr\/jmb_wp\/wp-content\/uploads\/2020\/01\/JMB_Lettre-adherents_N30_v3.pdf\" title=\"Lettre aux adh\u00e9rents janvier 2020\" target=\"_blank\" rel=\"noopener noreferrer\"><span class=\"vcex-ib-img wpex-block wpex-transition-all wpex-duration-500 wpex-bg-cover wpex-absolute wpex-inset-0\" style=\"background-image:url(https:\/\/i0.wp.com\/www.jmontblanc.fr\/jmb_wp\/wp-content\/uploads\/2020\/01\/bandeau.png?fit=1468%2C300&#038;ssl=1);\"><\/span><div class=\"vcex-ib-content-wrap wpex-w-100 wpex-transition-all wpex-duration-500 wpex-py-100 wpex-px-40 wpex-relative\"><div class=\"vcex-ib-content wpex-mx-auto\"><\/div><\/div><\/a>[\/vc_tta_section][vc_tta_section title=\u00a0\u00bbEVALP Info Octobre 2019&Prime; tab_id=\u00a0\u00bb1571407241788-f56a826a-04b5&Prime;]<a class=\"vcex-module vcex-image-banner vcex-image-banner-has-link wpex-no-underline wpex-flex wpex-flex-col wpex-w-100 wpex-justify-center wpex-relative wpex-overflow-hidden wpex-bg-gray-900 wpex-text-white wpex-hover-text-white wpex-text-center\" href=\"http:\/\/www.jmontblanc.fr\/jmb_wp\/wp-content\/uploads\/2019\/10\/EvalpInfo_n17_v4.pdf\" title=\"EVALP Info n\u00b017 Octobre 2019\"><span class=\"vcex-ib-img wpex-block wpex-transition-all wpex-duration-500 wpex-bg-cover wpex-absolute wpex-inset-0\" style=\"background-image:url(https:\/\/i0.wp.com\/www.jmontblanc.fr\/jmb_wp\/wp-content\/uploads\/2019\/10\/BANIERE-EVALP-N%C2%B017.png?fit=3394%2C636&#038;ssl=1);\"><\/span><div class=\"vcex-ib-content-wrap wpex-w-100 wpex-transition-all wpex-duration-500 wpex-py-100 wpex-px-40 wpex-relative\"><div class=\"vcex-ib-content wpex-mx-auto\"><\/div><\/div><\/a>[\/vc_tta_section][vc_tta_section title=\u00a0\u00bbLettre aux adh\u00e9rent Juin 2019&Prime; tab_id=\u00a0\u00bb1561458037735-033300bf-9444&Prime;]<a class=\"vcex-module vcex-image-banner vcex-image-banner-has-link wpex-no-underline wpex-flex wpex-flex-col wpex-w-100 wpex-justify-center wpex-relative wpex-overflow-hidden wpex-bg-gray-900 wpex-text-white wpex-hover-text-white wpex-text-center\" href=\"http:\/\/www.jmontblanc.fr\/jmb_wp\/wp-content\/uploads\/2019\/06\/Lettre_n29_JMB.pdf\" title=\"Lettre aux adh\u00e9rents juin 2019\"><span class=\"vcex-ib-img wpex-block wpex-transition-all wpex-duration-500 wpex-bg-cover wpex-absolute wpex-inset-0\" style=\"background-image:url(https:\/\/i0.wp.com\/www.jmontblanc.fr\/jmb_wp\/wp-content\/uploads\/2019\/06\/bandeau-LA-Juin-2019.png?fit=2260%2C419&#038;ssl=1);\"><\/span><div class=\"vcex-ib-content-wrap wpex-w-100 wpex-transition-all wpex-duration-500 wpex-py-100 wpex-px-40 wpex-relative\"><div class=\"vcex-ib-content wpex-mx-auto\"><\/div><\/div><\/a>[\/vc_tta_section][vc_tta_section title=\u00a0\u00bbEVALP Info Mars 2019&Prime; tab_id=\u00a0\u00bb1561458037736-e8fa8b42-fc7c\u00a0\u00bb]<a class=\"vcex-module vcex-image-banner vcex-image-banner-has-link wpex-no-underline wpex-flex wpex-flex-col wpex-w-100 wpex-justify-center wpex-relative wpex-overflow-hidden wpex-bg-gray-900 wpex-text-white wpex-hover-text-white wpex-text-center\" href=\"http:\/\/www.jmontblanc.fr\/jmb_wp\/wp-content\/uploads\/2019\/06\/EvalpInfo_n16_V3.pdf\" title=\"EVALP Info Mars 2019\"><span class=\"vcex-ib-img wpex-block wpex-transition-all wpex-duration-500 wpex-bg-cover wpex-absolute wpex-inset-0\" style=\"background-image:url(https:\/\/i0.wp.com\/www.jmontblanc.fr\/jmb_wp\/wp-content\/uploads\/2019\/06\/bandeau-EVALP-INFO-OCTOBRE-2019.png?fit=1470%2C278&#038;ssl=1);\"><\/span><div class=\"vcex-ib-content-wrap wpex-w-100 wpex-transition-all wpex-duration-500 wpex-py-100 wpex-px-40 wpex-relative\"><div class=\"vcex-ib-content wpex-mx-auto\"><\/div><\/div><\/a>[\/vc_tta_section][vc_tta_section title=\u00a0\u00bbLettre aux adh\u00e9rents Janvier 2019&Prime; tab_id=\u00a0\u00bb1561458223088-7cfbb124-9585&Prime;]<a class=\"vcex-module vcex-image-banner vcex-image-banner-has-link wpex-no-underline wpex-flex wpex-flex-col wpex-w-100 wpex-justify-center wpex-relative wpex-overflow-hidden wpex-bg-gray-900 wpex-text-white wpex-hover-text-white wpex-text-center\" href=\"http:\/\/www.jmontblanc.fr\/jmb_wp\/wp-content\/uploads\/2019\/01\/HD_Coop-Jura-Mont-Blanc_Lettres-adherents-28.pdf\" title=\"Lettre aux adh\u00e9rents juin 2018\"><span class=\"vcex-ib-img wpex-block wpex-transition-all wpex-duration-500 wpex-bg-cover wpex-absolute wpex-inset-0\" style=\"background-image:url(https:\/\/i0.wp.com\/www.jmontblanc.fr\/jmb_wp\/wp-content\/uploads\/2019\/06\/bandeau-LA-juin-2018.png?fit=1472%2C272&#038;ssl=1);\"><\/span><div class=\"vcex-ib-content-wrap wpex-w-100 wpex-transition-all wpex-duration-500 wpex-py-100 wpex-px-40 wpex-relative\"><div class=\"vcex-ib-content wpex-mx-auto\"><\/div><\/div><\/a>[\/vc_tta_section][\/vc_tta_accordion][\/vc_column][\/vc_row]\n<\/div>","protected":false},"excerpt":{"rendered":"<p>[vc_row][vc_column][vc_tta_accordion style=\u00a0\u00bbflat\u00a0\u00bb color=\u00a0\u00bbgreen\u00a0\u00bb active_section=\u00a0\u00bb1&Prime;][vc_tta_section title=\u00a0\u00bbCatalogue hygi\u00e8ne nutritionnels 2024 \u2013 2025&Prime; tab_id=\u00a0\u00bb1767697477886-50b526fd-05b5&Prime;][vc_column_text css=\u00a0\u00bb\u00a0\u00bb]D\u00e9couvre notre Catalogue hygi\u00e8ne &amp; nutritionnels 2024\u20132025 : rep\u00e8res techniques, solutions terrain et bonnes pratiques pour accompagner les \u00e9levages au quotidien.Consulte l\u2019article pour en savoir plus, puis t\u00e9l\u00e9charge le PDF complet. Catalogue hygi\u00e8ne &amp; nutritionnels 2024\u20132025[\/vc_column_text][\/vc_tta_section][vc_tta_section title=\u00a0\u00bbJMB &#8211; Visite des essais de la coop\u00e9rative\u00a0\u00bb&hellip;<\/p>\n","protected":false},"author":2,"featured_media":0,"parent":0,"menu_order":0,"comment_status":"closed","ping_status":"closed","template":"","meta":{"_exactmetrics_skip_tracking":false,"_exactmetrics_sitenote_active":false,"_exactmetrics_sitenote_note":"","_exactmetrics_sitenote_category":0,"jetpack_post_was_ever_published":false,"footnotes":""},"class_list":["post-1706","page","type-page","status-publish","hentry","entry","no-media"],"yoast_head":"<!-- This site is optimized with the Yoast SEO plugin v27.2 - https:\/\/yoast.com\/product\/yoast-seo-wordpress\/ -->\n<title>Nos actualit\u00e9s - Groupe JURA MONT-BLANC<\/title>\n<meta name=\"robots\" content=\"index, follow, max-snippet:-1, max-image-preview:large, max-video-preview:-1\" \/>\n<link rel=\"canonical\" href=\"https:\/\/www.jmontblanc.fr\/index.php\/nos-actualites\/\" \/>\n<meta property=\"og:locale\" content=\"fr_FR\" \/>\n<meta property=\"og:type\" content=\"article\" \/>\n<meta property=\"og:title\" content=\"Nos actualit\u00e9s - Groupe JURA MONT-BLANC\" \/>\n<meta property=\"og:description\" content=\"[vc_row][vc_column][vc_tta_accordion style=\u00a0\u00bbflat\u00a0\u00bb color=\u00a0\u00bbgreen\u00a0\u00bb active_section=\u00a0\u00bb1&Prime;][vc_tta_section title=\u00a0\u00bbCatalogue hygi\u00e8ne nutritionnels 2024 \u2013 2025&Prime; tab_id=\u00a0\u00bb1767697477886-50b526fd-05b5&Prime;][vc_column_text css=\u00a0\u00bb\u00a0\u00bb]D\u00e9couvre notre Catalogue hygi\u00e8ne &amp; nutritionnels 2024\u20132025 : rep\u00e8res techniques, solutions terrain et bonnes pratiques pour accompagner les \u00e9levages au quotidien.Consulte l\u2019article pour en savoir plus, puis t\u00e9l\u00e9charge le PDF complet. Catalogue hygi\u00e8ne &amp; nutritionnels 2024\u20132025[\/vc_column_text][\/vc_tta_section][vc_tta_section title=\u00a0\u00bbJMB &#8211; Visite des essais de la coop\u00e9rative\u00a0\u00bb&hellip;\" \/>\n<meta property=\"og:url\" content=\"https:\/\/www.jmontblanc.fr\/index.php\/nos-actualites\/\" \/>\n<meta property=\"og:site_name\" content=\"Groupe JURA MONT-BLANC\" \/>\n<meta property=\"article:modified_time\" content=\"2026-01-06T11:09:26+00:00\" \/>\n<meta name=\"twitter:card\" content=\"summary_large_image\" \/>\n<meta name=\"twitter:label1\" content=\"Dur\u00e9e de lecture estim\u00e9e\" \/>\n\t<meta name=\"twitter:data1\" content=\"2 minutes\" \/>\n<script type=\"application\/ld+json\" class=\"yoast-schema-graph\">{\"@context\":\"https:\/\/schema.org\",\"@graph\":[{\"@type\":\"WebPage\",\"@id\":\"https:\/\/www.jmontblanc.fr\/index.php\/nos-actualites\/\",\"url\":\"https:\/\/www.jmontblanc.fr\/index.php\/nos-actualites\/\",\"name\":\"Nos actualit\u00e9s - Groupe JURA MONT-BLANC\",\"isPartOf\":{\"@id\":\"https:\/\/www.jmontblanc.fr\/#website\"},\"datePublished\":\"2019-06-25T10:38:34+00:00\",\"dateModified\":\"2026-01-06T11:09:26+00:00\",\"breadcrumb\":{\"@id\":\"https:\/\/www.jmontblanc.fr\/index.php\/nos-actualites\/#breadcrumb\"},\"inLanguage\":\"fr-FR\",\"potentialAction\":[{\"@type\":\"ReadAction\",\"target\":[\"https:\/\/www.jmontblanc.fr\/index.php\/nos-actualites\/\"]}]},{\"@type\":\"BreadcrumbList\",\"@id\":\"https:\/\/www.jmontblanc.fr\/index.php\/nos-actualites\/#breadcrumb\",\"itemListElement\":[{\"@type\":\"ListItem\",\"position\":1,\"name\":\"Accueil\",\"item\":\"https:\/\/www.jmontblanc.fr\/\"},{\"@type\":\"ListItem\",\"position\":2,\"name\":\"Nos actualit\u00e9s\"}]},{\"@type\":\"WebSite\",\"@id\":\"https:\/\/www.jmontblanc.fr\/#website\",\"url\":\"https:\/\/www.jmontblanc.fr\/\",\"name\":\"Groupe JURA MONT-BLANC\",\"description\":\"\",\"publisher\":{\"@id\":\"https:\/\/www.jmontblanc.fr\/#organization\"},\"potentialAction\":[{\"@type\":\"SearchAction\",\"target\":{\"@type\":\"EntryPoint\",\"urlTemplate\":\"https:\/\/www.jmontblanc.fr\/?s={search_term_string}\"},\"query-input\":{\"@type\":\"PropertyValueSpecification\",\"valueRequired\":true,\"valueName\":\"search_term_string\"}}],\"inLanguage\":\"fr-FR\"},{\"@type\":\"Organization\",\"@id\":\"https:\/\/www.jmontblanc.fr\/#organization\",\"name\":\"Groupe JURA MONT-BLANC\",\"url\":\"https:\/\/www.jmontblanc.fr\/\",\"logo\":{\"@type\":\"ImageObject\",\"inLanguage\":\"fr-FR\",\"@id\":\"https:\/\/www.jmontblanc.fr\/#\/schema\/logo\/image\/\",\"url\":\"https:\/\/i0.wp.com\/www.jmontblanc.fr\/jmb_wp\/wp-content\/uploads\/2019\/05\/logo-jura-mont-blanc.png?fit=150%2C124&ssl=1\",\"contentUrl\":\"https:\/\/i0.wp.com\/www.jmontblanc.fr\/jmb_wp\/wp-content\/uploads\/2019\/05\/logo-jura-mont-blanc.png?fit=150%2C124&ssl=1\",\"width\":150,\"height\":124,\"caption\":\"Groupe JURA MONT-BLANC\"},\"image\":{\"@id\":\"https:\/\/www.jmontblanc.fr\/#\/schema\/logo\/image\/\"}}]}<\/script>\n<!-- \/ Yoast SEO plugin. -->","yoast_head_json":{"title":"Nos actualit\u00e9s - Groupe JURA MONT-BLANC","robots":{"index":"index","follow":"follow","max-snippet":"max-snippet:-1","max-image-preview":"max-image-preview:large","max-video-preview":"max-video-preview:-1"},"canonical":"https:\/\/www.jmontblanc.fr\/index.php\/nos-actualites\/","og_locale":"fr_FR","og_type":"article","og_title":"Nos actualit\u00e9s - Groupe JURA MONT-BLANC","og_description":"[vc_row][vc_column][vc_tta_accordion style=\u00a0\u00bbflat\u00a0\u00bb color=\u00a0\u00bbgreen\u00a0\u00bb active_section=\u00a0\u00bb1&Prime;][vc_tta_section title=\u00a0\u00bbCatalogue hygi\u00e8ne nutritionnels 2024 \u2013 2025&Prime; tab_id=\u00a0\u00bb1767697477886-50b526fd-05b5&Prime;][vc_column_text css=\u00a0\u00bb\u00a0\u00bb]D\u00e9couvre notre Catalogue hygi\u00e8ne &amp; nutritionnels 2024\u20132025 : rep\u00e8res techniques, solutions terrain et bonnes pratiques pour accompagner les \u00e9levages au quotidien.Consulte l\u2019article pour en savoir plus, puis t\u00e9l\u00e9charge le PDF complet. Catalogue hygi\u00e8ne &amp; nutritionnels 2024\u20132025[\/vc_column_text][\/vc_tta_section][vc_tta_section title=\u00a0\u00bbJMB &#8211; Visite des essais de la coop\u00e9rative\u00a0\u00bb&hellip;","og_url":"https:\/\/www.jmontblanc.fr\/index.php\/nos-actualites\/","og_site_name":"Groupe JURA MONT-BLANC","article_modified_time":"2026-01-06T11:09:26+00:00","twitter_card":"summary_large_image","twitter_misc":{"Dur\u00e9e de lecture estim\u00e9e":"2 minutes"},"schema":{"@context":"https:\/\/schema.org","@graph":[{"@type":"WebPage","@id":"https:\/\/www.jmontblanc.fr\/index.php\/nos-actualites\/","url":"https:\/\/www.jmontblanc.fr\/index.php\/nos-actualites\/","name":"Nos actualit\u00e9s - Groupe JURA MONT-BLANC","isPartOf":{"@id":"https:\/\/www.jmontblanc.fr\/#website"},"datePublished":"2019-06-25T10:38:34+00:00","dateModified":"2026-01-06T11:09:26+00:00","breadcrumb":{"@id":"https:\/\/www.jmontblanc.fr\/index.php\/nos-actualites\/#breadcrumb"},"inLanguage":"fr-FR","potentialAction":[{"@type":"ReadAction","target":["https:\/\/www.jmontblanc.fr\/index.php\/nos-actualites\/"]}]},{"@type":"BreadcrumbList","@id":"https:\/\/www.jmontblanc.fr\/index.php\/nos-actualites\/#breadcrumb","itemListElement":[{"@type":"ListItem","position":1,"name":"Accueil","item":"https:\/\/www.jmontblanc.fr\/"},{"@type":"ListItem","position":2,"name":"Nos actualit\u00e9s"}]},{"@type":"WebSite","@id":"https:\/\/www.jmontblanc.fr\/#website","url":"https:\/\/www.jmontblanc.fr\/","name":"Groupe JURA MONT-BLANC","description":"","publisher":{"@id":"https:\/\/www.jmontblanc.fr\/#organization"},"potentialAction":[{"@type":"SearchAction","target":{"@type":"EntryPoint","urlTemplate":"https:\/\/www.jmontblanc.fr\/?s={search_term_string}"},"query-input":{"@type":"PropertyValueSpecification","valueRequired":true,"valueName":"search_term_string"}}],"inLanguage":"fr-FR"},{"@type":"Organization","@id":"https:\/\/www.jmontblanc.fr\/#organization","name":"Groupe JURA MONT-BLANC","url":"https:\/\/www.jmontblanc.fr\/","logo":{"@type":"ImageObject","inLanguage":"fr-FR","@id":"https:\/\/www.jmontblanc.fr\/#\/schema\/logo\/image\/","url":"https:\/\/i0.wp.com\/www.jmontblanc.fr\/jmb_wp\/wp-content\/uploads\/2019\/05\/logo-jura-mont-blanc.png?fit=150%2C124&ssl=1","contentUrl":"https:\/\/i0.wp.com\/www.jmontblanc.fr\/jmb_wp\/wp-content\/uploads\/2019\/05\/logo-jura-mont-blanc.png?fit=150%2C124&ssl=1","width":150,"height":124,"caption":"Groupe JURA MONT-BLANC"},"image":{"@id":"https:\/\/www.jmontblanc.fr\/#\/schema\/logo\/image\/"}}]}},"jetpack_sharing_enabled":true,"jetpack_shortlink":"https:\/\/wp.me\/P7bCFA-rw","_links":{"self":[{"href":"https:\/\/www.jmontblanc.fr\/index.php\/wp-json\/wp\/v2\/pages\/1706","targetHints":{"allow":["GET"]}}],"collection":[{"href":"https:\/\/www.jmontblanc.fr\/index.php\/wp-json\/wp\/v2\/pages"}],"about":[{"href":"https:\/\/www.jmontblanc.fr\/index.php\/wp-json\/wp\/v2\/types\/page"}],"author":[{"embeddable":true,"href":"https:\/\/www.jmontblanc.fr\/index.php\/wp-json\/wp\/v2\/users\/2"}],"replies":[{"embeddable":true,"href":"https:\/\/www.jmontblanc.fr\/index.php\/wp-json\/wp\/v2\/comments?post=1706"}],"version-history":[{"count":29,"href":"https:\/\/www.jmontblanc.fr\/index.php\/wp-json\/wp\/v2\/pages\/1706\/revisions"}],"predecessor-version":[{"id":2542,"href":"https:\/\/www.jmontblanc.fr\/index.php\/wp-json\/wp\/v2\/pages\/1706\/revisions\/2542"}],"wp:attachment":[{"href":"https:\/\/www.jmontblanc.fr\/index.php\/wp-json\/wp\/v2\/media?parent=1706"}],"curies":[{"name":"wp","href":"https:\/\/api.w.org\/{rel}","templated":true}]}}