{"id":324,"date":"2016-03-24T12:25:57","date_gmt":"2016-03-24T11:25:57","guid":{"rendered":"http:\/\/www.jmontblanc.fr\/?page_id=324"},"modified":"2023-03-29T10:55:39","modified_gmt":"2023-03-29T09:55:39","slug":"environnement","status":"publish","type":"page","link":"https:\/\/www.jmontblanc.fr\/index.php\/nos-engagements\/environnement\/","title":{"rendered":"Environnement"},"content":{"rendered":"<div class=\"wpb-content-wrapper\">[vc_row][vc_column][vc_column_text]<span style=\"color: #000080;\">Depuis plusieurs ann\u00e9es, Jura Mont-Blanc travaille avec la fili\u00e8re ADIVALOR pour la collecte et le recyclage de vos d\u00e9chets phytosanitaires et agricoles.<\/span><\/p>\n<p><span style=\"color: #000080;\">Nous vous proposons deux types de collectes tout au long de l&rsquo;ann\u00e9e :<\/span><\/p>\n<ul>\n<li><span style=\"color: #000080;\">Emballages vides de produits phytosanitaires, hygi\u00e8ne laitier, big bags d&rsquo;engrais et produits phytosanitaires non utilisables (PPNU)<\/span><\/li>\n<li><span style=\"color: #000080;\">Ficelles et films plastiques agricoles<\/span><\/li>\n<\/ul>\n<p><span style=\"color: #000080;\">Les collectes ont lieu sur les d\u00e9p\u00f4ts de <a href=\"https:\/\/www.jmontblanc.fr\/index.php\/activite-agricole-2\/\" target=\"_blank\" rel=\"noopener noreferrer\">Viry<\/a>, <a href=\"https:\/\/www.jmontblanc.fr\/index.php\/activite-agricole-3\/\" target=\"_blank\" rel=\"noopener noreferrer\">Douvaine Messery<\/a>, <a href=\"https:\/\/www.jmontblanc.fr\/index.php\/activite-agricole-4\/\" target=\"_blank\" rel=\"noopener noreferrer\">Crozet<\/a>, <a href=\"https:\/\/www.jmontblanc.fr\/index.php\/activite-agricole-5\/\" target=\"_blank\" rel=\"noopener noreferrer\">Alby-sur-Ch\u00e9ran<\/a> et <a href=\"https:\/\/www.jmontblanc.fr\/index.php\/activite-agricole-9\/\" target=\"_blank\" rel=\"noopener noreferrer\">Bonneville<\/a>.<\/span><\/p>\n<p><span style=\"color: #000080;\">Contactez votre d\u00e9p\u00f4t habituel pour obtenir une sache ADIVALOR adapt\u00e9e ou pour tout renseignement compl\u00e9mentaire.<\/span><\/p>\n<p>Pour plus d&rsquo;informations sur la fili\u00e8re ADIVALOR : <a href=\"http:\/\/www.adivalor.fr\" target=\"_blank\" rel=\"noopener noreferrer\">adivalor.fr<\/a>[\/vc_column_text][vc_empty_space][vc_text_separator title=\u00a0\u00bbNos dates de collectes 2023&Prime; color=\u00a0\u00bbblack\u00a0\u00bb][vc_empty_space][vc_single_image image=\u00a0\u00bb2333&Prime;][\/vc_column][\/vc_row][vc_row][vc_column][vc_text_separator title=\u00a0\u00bbConsignes de collecte\u00a0\u00bb color=\u00a0\u00bbblack\u00a0\u00bb][vc_empty_space][vc_single_image image=\u00a0\u00bb899&Prime; alignment=\u00a0\u00bbcenter\u00a0\u00bb][\/vc_column][\/vc_row]\n<\/div>","protected":false},"excerpt":{"rendered":"<p>[vc_row][vc_column][vc_column_text]Depuis plusieurs ann\u00e9es, Jura Mont-Blanc travaille avec la fili\u00e8re ADIVALOR pour la collecte et le recyclage de vos d\u00e9chets phytosanitaires et agricoles. Nous vous proposons deux types de collectes tout au long de l&rsquo;ann\u00e9e : Emballages vides de produits phytosanitaires, hygi\u00e8ne laitier, big bags d&rsquo;engrais et produits phytosanitaires non utilisables (PPNU) Ficelles et films plastiques&hellip;<\/p>\n","protected":false},"author":3,"featured_media":0,"parent":56,"menu_order":3,"comment_status":"closed","ping_status":"closed","template":"","meta":{"_exactmetrics_skip_tracking":false,"_exactmetrics_sitenote_active":false,"_exactmetrics_sitenote_note":"","_exactmetrics_sitenote_category":0,"jetpack_post_was_ever_published":false,"footnotes":""},"class_list":["post-324","page","type-page","status-publish","hentry","entry","no-media"],"yoast_head":"<!-- This site is optimized with the Yoast SEO plugin v27.2 - https:\/\/yoast.com\/product\/yoast-seo-wordpress\/ -->\n<title>Environnement - Groupe JURA MONT-BLANC<\/title>\n<meta name=\"robots\" content=\"index, follow, max-snippet:-1, max-image-preview:large, max-video-preview:-1\" \/>\n<link rel=\"canonical\" href=\"https:\/\/www.jmontblanc.fr\/index.php\/nos-engagements\/environnement\/\" \/>\n<meta property=\"og:locale\" content=\"fr_FR\" \/>\n<meta property=\"og:type\" content=\"article\" \/>\n<meta property=\"og:title\" content=\"Environnement - Groupe JURA MONT-BLANC\" \/>\n<meta property=\"og:description\" content=\"[vc_row][vc_column][vc_column_text]Depuis plusieurs ann\u00e9es, Jura Mont-Blanc travaille avec la fili\u00e8re ADIVALOR pour la collecte et le recyclage de vos d\u00e9chets phytosanitaires et agricoles. Nous vous proposons deux types de collectes tout au long de l&rsquo;ann\u00e9e : Emballages vides de produits phytosanitaires, hygi\u00e8ne laitier, big bags d&rsquo;engrais et produits phytosanitaires non utilisables (PPNU) Ficelles et films plastiques&hellip;\" \/>\n<meta property=\"og:url\" content=\"https:\/\/www.jmontblanc.fr\/index.php\/nos-engagements\/environnement\/\" \/>\n<meta property=\"og:site_name\" content=\"Groupe JURA MONT-BLANC\" \/>\n<meta property=\"article:modified_time\" content=\"2023-03-29T09:55:39+00:00\" \/>\n<meta name=\"twitter:card\" content=\"summary_large_image\" \/>\n<meta name=\"twitter:label1\" content=\"Dur\u00e9e de lecture estim\u00e9e\" \/>\n\t<meta name=\"twitter:data1\" content=\"1 minute\" \/>\n<script type=\"application\/ld+json\" class=\"yoast-schema-graph\">{\"@context\":\"https:\/\/schema.org\",\"@graph\":[{\"@type\":\"WebPage\",\"@id\":\"https:\/\/www.jmontblanc.fr\/index.php\/nos-engagements\/environnement\/\",\"url\":\"https:\/\/www.jmontblanc.fr\/index.php\/nos-engagements\/environnement\/\",\"name\":\"Environnement - Groupe JURA MONT-BLANC\",\"isPartOf\":{\"@id\":\"https:\/\/www.jmontblanc.fr\/#website\"},\"datePublished\":\"2016-03-24T11:25:57+00:00\",\"dateModified\":\"2023-03-29T09:55:39+00:00\",\"breadcrumb\":{\"@id\":\"https:\/\/www.jmontblanc.fr\/index.php\/nos-engagements\/environnement\/#breadcrumb\"},\"inLanguage\":\"fr-FR\",\"potentialAction\":[{\"@type\":\"ReadAction\",\"target\":[\"https:\/\/www.jmontblanc.fr\/index.php\/nos-engagements\/environnement\/\"]}]},{\"@type\":\"BreadcrumbList\",\"@id\":\"https:\/\/www.jmontblanc.fr\/index.php\/nos-engagements\/environnement\/#breadcrumb\",\"itemListElement\":[{\"@type\":\"ListItem\",\"position\":1,\"name\":\"Accueil\",\"item\":\"https:\/\/www.jmontblanc.fr\/\"},{\"@type\":\"ListItem\",\"position\":2,\"name\":\"Nos engagements\",\"item\":\"https:\/\/www.jmontblanc.fr\/index.php\/nos-engagements\/\"},{\"@type\":\"ListItem\",\"position\":3,\"name\":\"Environnement\"}]},{\"@type\":\"WebSite\",\"@id\":\"https:\/\/www.jmontblanc.fr\/#website\",\"url\":\"https:\/\/www.jmontblanc.fr\/\",\"name\":\"Groupe JURA MONT-BLANC\",\"description\":\"\",\"publisher\":{\"@id\":\"https:\/\/www.jmontblanc.fr\/#organization\"},\"potentialAction\":[{\"@type\":\"SearchAction\",\"target\":{\"@type\":\"EntryPoint\",\"urlTemplate\":\"https:\/\/www.jmontblanc.fr\/?s={search_term_string}\"},\"query-input\":{\"@type\":\"PropertyValueSpecification\",\"valueRequired\":true,\"valueName\":\"search_term_string\"}}],\"inLanguage\":\"fr-FR\"},{\"@type\":\"Organization\",\"@id\":\"https:\/\/www.jmontblanc.fr\/#organization\",\"name\":\"Groupe JURA MONT-BLANC\",\"url\":\"https:\/\/www.jmontblanc.fr\/\",\"logo\":{\"@type\":\"ImageObject\",\"inLanguage\":\"fr-FR\",\"@id\":\"https:\/\/www.jmontblanc.fr\/#\/schema\/logo\/image\/\",\"url\":\"https:\/\/i0.wp.com\/www.jmontblanc.fr\/jmb_wp\/wp-content\/uploads\/2019\/05\/logo-jura-mont-blanc.png?fit=150%2C124&ssl=1\",\"contentUrl\":\"https:\/\/i0.wp.com\/www.jmontblanc.fr\/jmb_wp\/wp-content\/uploads\/2019\/05\/logo-jura-mont-blanc.png?fit=150%2C124&ssl=1\",\"width\":150,\"height\":124,\"caption\":\"Groupe JURA MONT-BLANC\"},\"image\":{\"@id\":\"https:\/\/www.jmontblanc.fr\/#\/schema\/logo\/image\/\"}}]}<\/script>\n<!-- \/ Yoast SEO plugin. -->","yoast_head_json":{"title":"Environnement - Groupe JURA MONT-BLANC","robots":{"index":"index","follow":"follow","max-snippet":"max-snippet:-1","max-image-preview":"max-image-preview:large","max-video-preview":"max-video-preview:-1"},"canonical":"https:\/\/www.jmontblanc.fr\/index.php\/nos-engagements\/environnement\/","og_locale":"fr_FR","og_type":"article","og_title":"Environnement - Groupe JURA MONT-BLANC","og_description":"[vc_row][vc_column][vc_column_text]Depuis plusieurs ann\u00e9es, Jura Mont-Blanc travaille avec la fili\u00e8re ADIVALOR pour la collecte et le recyclage de vos d\u00e9chets phytosanitaires et agricoles. Nous vous proposons deux types de collectes tout au long de l&rsquo;ann\u00e9e : Emballages vides de produits phytosanitaires, hygi\u00e8ne laitier, big bags d&rsquo;engrais et produits phytosanitaires non utilisables (PPNU) Ficelles et films plastiques&hellip;","og_url":"https:\/\/www.jmontblanc.fr\/index.php\/nos-engagements\/environnement\/","og_site_name":"Groupe JURA MONT-BLANC","article_modified_time":"2023-03-29T09:55:39+00:00","twitter_card":"summary_large_image","twitter_misc":{"Dur\u00e9e de lecture estim\u00e9e":"1 minute"},"schema":{"@context":"https:\/\/schema.org","@graph":[{"@type":"WebPage","@id":"https:\/\/www.jmontblanc.fr\/index.php\/nos-engagements\/environnement\/","url":"https:\/\/www.jmontblanc.fr\/index.php\/nos-engagements\/environnement\/","name":"Environnement - Groupe JURA MONT-BLANC","isPartOf":{"@id":"https:\/\/www.jmontblanc.fr\/#website"},"datePublished":"2016-03-24T11:25:57+00:00","dateModified":"2023-03-29T09:55:39+00:00","breadcrumb":{"@id":"https:\/\/www.jmontblanc.fr\/index.php\/nos-engagements\/environnement\/#breadcrumb"},"inLanguage":"fr-FR","potentialAction":[{"@type":"ReadAction","target":["https:\/\/www.jmontblanc.fr\/index.php\/nos-engagements\/environnement\/"]}]},{"@type":"BreadcrumbList","@id":"https:\/\/www.jmontblanc.fr\/index.php\/nos-engagements\/environnement\/#breadcrumb","itemListElement":[{"@type":"ListItem","position":1,"name":"Accueil","item":"https:\/\/www.jmontblanc.fr\/"},{"@type":"ListItem","position":2,"name":"Nos engagements","item":"https:\/\/www.jmontblanc.fr\/index.php\/nos-engagements\/"},{"@type":"ListItem","position":3,"name":"Environnement"}]},{"@type":"WebSite","@id":"https:\/\/www.jmontblanc.fr\/#website","url":"https:\/\/www.jmontblanc.fr\/","name":"Groupe JURA MONT-BLANC","description":"","publisher":{"@id":"https:\/\/www.jmontblanc.fr\/#organization"},"potentialAction":[{"@type":"SearchAction","target":{"@type":"EntryPoint","urlTemplate":"https:\/\/www.jmontblanc.fr\/?s={search_term_string}"},"query-input":{"@type":"PropertyValueSpecification","valueRequired":true,"valueName":"search_term_string"}}],"inLanguage":"fr-FR"},{"@type":"Organization","@id":"https:\/\/www.jmontblanc.fr\/#organization","name":"Groupe JURA MONT-BLANC","url":"https:\/\/www.jmontblanc.fr\/","logo":{"@type":"ImageObject","inLanguage":"fr-FR","@id":"https:\/\/www.jmontblanc.fr\/#\/schema\/logo\/image\/","url":"https:\/\/i0.wp.com\/www.jmontblanc.fr\/jmb_wp\/wp-content\/uploads\/2019\/05\/logo-jura-mont-blanc.png?fit=150%2C124&ssl=1","contentUrl":"https:\/\/i0.wp.com\/www.jmontblanc.fr\/jmb_wp\/wp-content\/uploads\/2019\/05\/logo-jura-mont-blanc.png?fit=150%2C124&ssl=1","width":150,"height":124,"caption":"Groupe JURA MONT-BLANC"},"image":{"@id":"https:\/\/www.jmontblanc.fr\/#\/schema\/logo\/image\/"}}]}},"jetpack_sharing_enabled":true,"jetpack_shortlink":"https:\/\/wp.me\/P7bCFA-5e","_links":{"self":[{"href":"https:\/\/www.jmontblanc.fr\/index.php\/wp-json\/wp\/v2\/pages\/324","targetHints":{"allow":["GET"]}}],"collection":[{"href":"https:\/\/www.jmontblanc.fr\/index.php\/wp-json\/wp\/v2\/pages"}],"about":[{"href":"https:\/\/www.jmontblanc.fr\/index.php\/wp-json\/wp\/v2\/types\/page"}],"author":[{"embeddable":true,"href":"https:\/\/www.jmontblanc.fr\/index.php\/wp-json\/wp\/v2\/users\/3"}],"replies":[{"embeddable":true,"href":"https:\/\/www.jmontblanc.fr\/index.php\/wp-json\/wp\/v2\/comments?post=324"}],"version-history":[{"count":9,"href":"https:\/\/www.jmontblanc.fr\/index.php\/wp-json\/wp\/v2\/pages\/324\/revisions"}],"predecessor-version":[{"id":2335,"href":"https:\/\/www.jmontblanc.fr\/index.php\/wp-json\/wp\/v2\/pages\/324\/revisions\/2335"}],"up":[{"embeddable":true,"href":"https:\/\/www.jmontblanc.fr\/index.php\/wp-json\/wp\/v2\/pages\/56"}],"wp:attachment":[{"href":"https:\/\/www.jmontblanc.fr\/index.php\/wp-json\/wp\/v2\/media?parent=324"}],"curies":[{"name":"wp","href":"https:\/\/api.w.org\/{rel}","templated":true}]}}